{"id":35,"date":"2009-05-01T06:02:03","date_gmt":"2009-05-01T13:02:03","guid":{"rendered":"http:\/\/www.crapcompo.org\/?page_id=35"},"modified":"2026-01-13T03:40:38","modified_gmt":"2026-01-13T10:40:38","slug":"introduccion","status":"publish","type":"page","link":"https:\/\/www.pixjuegos.com\/crapcompo\/?page_id=35","title":{"rendered":"Bases (CCVII)"},"content":{"rendered":"<p>Este es una competici\u00f3n de desarrollo de videojuegos diferente: <strong>gana el peor juego de todos.<\/strong><\/p>\n<p><a href=\"http:\/\/www.pixjuegos.com\/crapcompo\/wp-content\/uploads\/2026\/01\/ChatGPT-Image-11-ene-2026-15_46_33.png\"><img loading=\"lazy\" decoding=\"async\" class=\"size-medium wp-image-85 aligncenter\" src=\"http:\/\/www.pixjuegos.com\/crapcompo\/wp-content\/uploads\/2026\/01\/ChatGPT-Image-11-ene-2026-15_46_33-200x300.png\" alt=\"\" width=\"200\" height=\"300\" srcset=\"https:\/\/www.pixjuegos.com\/crapcompo\/wp-content\/uploads\/2026\/01\/ChatGPT-Image-11-ene-2026-15_46_33-200x300.png 200w, https:\/\/www.pixjuegos.com\/crapcompo\/wp-content\/uploads\/2026\/01\/ChatGPT-Image-11-ene-2026-15_46_33-683x1024.png 683w, https:\/\/www.pixjuegos.com\/crapcompo\/wp-content\/uploads\/2026\/01\/ChatGPT-Image-11-ene-2026-15_46_33-768x1152.png 768w, https:\/\/www.pixjuegos.com\/crapcompo\/wp-content\/uploads\/2026\/01\/ChatGPT-Image-11-ene-2026-15_46_33.png 1024w\" sizes=\"auto, (max-width: 200px) 100vw, 200px\" \/><\/a><\/p>\n<p><strong>Bases generales<\/strong><\/p>\n<blockquote><p>1. El juego ha de estar programado en F\u00e9nix (a lo retro), BennuGD (1 o 2), PixTudio, DivDX, DIV3, DIVGO, Gemix, Minecraft o HTML5 si tu nick es Donan. O usa Godot pero eng\u00e1\u00f1anos para creamos que es DIV, yo que s\u00e9.<br \/>\n2. Si es bueno no puede concursar.<br \/>\n3. Has de odiar ese juego a muerte.<br \/>\n4. El premio es el \u00abhonor\u00bb de haber creado el peor juego de todos, aunque si un d\u00eda me encuentro con un llavero o una mierda de perro por la calle, igual hay premios extra.<br \/>\n5. No valen juegos que hayas publicado anteriormente. Si lo llegaste a publicar quiere decir que no es lo suficientemente malo para concursar.<br \/>\n6. Puedes participar con todos los juegos que quieras.<br \/>\n7. Se tendr\u00e1n en cuenta los siguientes apartados: Humor, Gr\u00e1ficos, Sonido, Jugabilidad.<br \/>\n8. Existir\u00e1n menciones especiales no concretadas.<br \/>\n9. Se permite el uso de IA slop, que para eso est\u00e1, para hacer mierdas.<\/p><\/blockquote>\n<p>El concurso, por su naturaleza, es extremadamente subjetivo. La teor\u00ed\u00ada es: se tiene en cuenta el humor (positivamente), los gr\u00e1ficos (negativamente), sonido (negativamente), jugabilidad (negativamente). Adem\u00e1s, el jurado acepta oficialmente sobornos.<\/p>\n<p>Eso significa:<br \/>\n&#8211; Si haces gr\u00e1ficos decentes -&gt; MAL<br \/>\n&#8211; Si metes sonidos absurdos y fun -&gt; BIEN<br \/>\n&#8211; Si metes una canci\u00f3n que suene bien y mole -&gt; No ayuda.<br \/>\n&#8211; Si metes la canci\u00f3n de Lupin 3\u00ba o del Rey Le\u00f3n con samples absurdos -&gt; HELL YEAH<br \/>\n&#8211; Si el juego tiene f\u00ed\u00adsicas decentes -&gt; MAL<br \/>\n&#8211; Si el juego va a trompicones because of yes -&gt; BIEN<br \/>\n&#8211; Si el juego al cerrar simula un BSOD -&gt; BIEN<br \/>\n&#8211; Si al ganar la partida el juego cierra de golpe -&gt; BIEN<\/p>\n<p>Fecha m\u00e1xima de entrega de participaciones: 31\/02\/2026<\/p>\n<p>M\u00e1s informaci\u00f3n en el <a href=\"https:\/\/discord.gg\/CAKr9QR\">Discord de DIVHub.org<\/a><\/p>\n","protected":false},"excerpt":{"rendered":"<p>Este es una competici\u00f3n de desarrollo de videojuegos diferente: gana el peor juego de todos. Bases generales 1. El juego ha de estar programado en F\u00e9nix (a lo retro), BennuGD (1 o 2), PixTudio, DivDX, DIV3, DIVGO, Gemix, Minecraft o HTML5 si tu nick es Donan. O usa Godot pero eng\u00e1\u00f1anos para creamos que es [&hellip;]<\/p>\n","protected":false},"author":1,"featured_media":0,"parent":0,"menu_order":0,"comment_status":"closed","ping_status":"closed","template":"","meta":{"footnotes":""},"class_list":["post-35","page","type-page","status-publish","hentry"],"_links":{"self":[{"href":"https:\/\/www.pixjuegos.com\/crapcompo\/index.php?rest_route=\/wp\/v2\/pages\/35","targetHints":{"allow":["GET"]}}],"collection":[{"href":"https:\/\/www.pixjuegos.com\/crapcompo\/index.php?rest_route=\/wp\/v2\/pages"}],"about":[{"href":"https:\/\/www.pixjuegos.com\/crapcompo\/index.php?rest_route=\/wp\/v2\/types\/page"}],"author":[{"embeddable":true,"href":"https:\/\/www.pixjuegos.com\/crapcompo\/index.php?rest_route=\/wp\/v2\/users\/1"}],"replies":[{"embeddable":true,"href":"https:\/\/www.pixjuegos.com\/crapcompo\/index.php?rest_route=%2Fwp%2Fv2%2Fcomments&post=35"}],"version-history":[{"count":14,"href":"https:\/\/www.pixjuegos.com\/crapcompo\/index.php?rest_route=\/wp\/v2\/pages\/35\/revisions"}],"predecessor-version":[{"id":87,"href":"https:\/\/www.pixjuegos.com\/crapcompo\/index.php?rest_route=\/wp\/v2\/pages\/35\/revisions\/87"}],"wp:attachment":[{"href":"https:\/\/www.pixjuegos.com\/crapcompo\/index.php?rest_route=%2Fwp%2Fv2%2Fmedia&parent=35"}],"curies":[{"name":"wp","href":"https:\/\/api.w.org\/{rel}","templated":true}]}}